{"id":1085,"date":"2021-01-05T20:12:46","date_gmt":"2021-01-06T00:12:46","guid":{"rendered":"https:\/\/gadpcochapata.gob.ec\/azuay\/?page_id=1085"},"modified":"2022-06-03T17:00:09","modified_gmt":"2022-06-03T21:00:09","slug":"rendicion-de-cuentas-2021","status":"publish","type":"page","link":"https:\/\/gadpcochapata.gob.ec\/azuay\/rendicion-de-cuentas-2021\/","title":{"rendered":"Rendici\u00f3n de Cuentas 2021"},"content":{"rendered":"<h2><img loading=\"lazy\" decoding=\"async\" class=\"size-medium wp-image-1283 aligncenter\" src=\"https:\/\/gadpcochapata.gob.ec\/azuay\/wp-content\/uploads\/2022\/06\/IMG20220422104829-550x550.jpg\" alt=\"\" width=\"550\" height=\"550\" srcset=\"https:\/\/gadpcochapata.gob.ec\/azuay\/wp-content\/uploads\/2022\/06\/IMG20220422104829-550x550.jpg 550w, https:\/\/gadpcochapata.gob.ec\/azuay\/wp-content\/uploads\/2022\/06\/IMG20220422104829-1024x1024.jpg 1024w, https:\/\/gadpcochapata.gob.ec\/azuay\/wp-content\/uploads\/2022\/06\/IMG20220422104829-150x150.jpg 150w, https:\/\/gadpcochapata.gob.ec\/azuay\/wp-content\/uploads\/2022\/06\/IMG20220422104829-768x768.jpg 768w, https:\/\/gadpcochapata.gob.ec\/azuay\/wp-content\/uploads\/2022\/06\/IMG20220422104829-1536x1536.jpg 1536w, https:\/\/gadpcochapata.gob.ec\/azuay\/wp-content\/uploads\/2022\/06\/IMG20220422104829-2048x2048.jpg 2048w\" sizes=\"auto, (max-width: 550px) 100vw, 550px\" \/><\/h2>\n<h2><strong><em>Ejercicio fiscal 2021<\/em><\/strong><\/h2>\n<p><strong>Responsable:<\/strong> Sr. Jos\u00e9 Franklin Morocho Chuni<\/p>\n<p>FORMULARIO DE RENDICI\u00d3N DE CUENTAS<\/p>\n<p><a href=\"https:\/\/gadpcochapata.gob.ec\/azuay\/wp-content\/uploads\/2022\/06\/FORMULARIO-GADPC-2021.pdf\">FORMULARIO GADPC 2021<\/a><\/p>\n<p>Preguntas de la ciudadan\u00eda<\/p>\n<p><a href=\"https:\/\/gadpcochapata.gob.ec\/azuay\/wp-content\/uploads\/2022\/05\/PREGUNTAS-DE-LA-CIUDADANIA.pdf\">PREGUNTAS DE LA CIUDADAN\u00cdA<\/a><\/p>\n<p>PRESENTACI\u00d3N<\/p>\n<p><a href=\"https:\/\/gadpcochapata.gob.ec\/azuay\/wp-content\/uploads\/2022\/05\/PRESENTACION-GADPC-2021.pdf\">PRESENTACION GADPC 2021<\/a><\/p>\n<p>REGISTRO DE ASISTENCIA<\/p>\n<p><a href=\"https:\/\/gadpcochapata.gob.ec\/azuay\/wp-content\/uploads\/2022\/05\/REGISTRO-DE-PARTICIPANTES.pdf\">REGISTRO DE PARTICIPANTES<\/a><\/p>\n<p>REGISTRO FOTOGR\u00c1FICO<\/p>\n<p><a href=\"https:\/\/gadpcochapata.gob.ec\/azuay\/wp-content\/uploads\/2022\/06\/REGISTRO-FOTOGRAFICO-2.pdf\">REGISTRO FOTOGR\u00c1FICO (2)<\/a><\/p>\n<h1><strong>VOCALES<\/strong><\/h1>\n<h2><strong><em>Presidente del GADPC<\/em><\/strong><\/h2>\n<p><a href=\"https:\/\/gadpcochapata.gob.ec\/azuay\/wp-content\/uploads\/2022\/06\/FORMULARIO-3-1.pdf\">FORMULARIO (3)<\/a><\/p>\n<h2><strong><em>Comisi\u00f3n de Sociales<\/em><\/strong><\/h2>\n<p><strong>Responsable:<\/strong> Sra. Nelly Carmen Pati\u00f1o Quezada<\/p>\n<p>Formulario<\/p>\n<p><a href=\"https:\/\/gadpcochapata.gob.ec\/azuay\/wp-content\/uploads\/2022\/06\/FORMULARIO.pdf\">FORMULARIO<\/a><\/p>\n<p>Presentaci\u00f3n<\/p>\n<p><a href=\"https:\/\/gadpcochapata.gob.ec\/azuay\/wp-content\/uploads\/2022\/06\/PRESENTACION.pdf\">PRESENTACI\u00d3N<\/a><\/p>\n<h2><strong><em>Comisi\u00f3n de <\/em><\/strong><strong><em>Turismo y <\/em><\/strong><strong><em>Salud<\/em><\/strong><\/h2>\n<p><strong>Responsable:<\/strong> Sr. Edgar Marcelo Sanmart\u00edn Quezada<\/p>\n<p>Formulario<\/p>\n<p><a href=\"https:\/\/gadpcochapata.gob.ec\/azuay\/wp-content\/uploads\/2022\/06\/FORMULARIO-2-1.pdf\">FORMULARIO (2)<\/a><\/p>\n<p>Presentaci\u00f3n<\/p>\n<p><a href=\"https:\/\/gadpcochapata.gob.ec\/azuay\/wp-content\/uploads\/2022\/06\/PRESENTACION-1.pdf\">PRESENTACION<\/a><\/p>\n<h2><strong><em>Comisi\u00f3n de Planificaci\u00f3n, Infraestructura y Fiscalizaci\u00f3n<\/em><\/strong><\/h2>\n<p><strong>Responsable:<\/strong> Sr. Miguel \u00c1ngel Chuni Ram\u00f3n<\/p>\n<p>Formulario<\/p>\n<p><a href=\"https:\/\/gadpcochapata.gob.ec\/azuay\/wp-content\/uploads\/2022\/06\/FORMULARIO-3.pdf\">FORMULARIO<\/a><\/p>\n<p>Presentaci\u00f3n<\/p>\n<p><a href=\"https:\/\/drive.google.com\/file\/d\/1AzABfEaV1QYsopHmwieNT6yVwTUUMHIp\/view?usp=sharing\">https:\/\/drive.google.com\/file\/d\/1AzABfEaV1QYsopHmwieNT6yVwTUUMHIp\/view?usp=sharing<\/a><\/p>\n<h2><strong><em>Comisi\u00f3n de Desarrollo Econ\u00f3mico y Ambiente\u00a0<\/em><\/strong><\/h2>\n<p><strong>Responsable:<\/strong> Sr. Fredy Rolando Mendieta Chuni<\/p>\n<p>Formulario<\/p>\n<p><a href=\"https:\/\/gadpcochapata.gob.ec\/azuay\/wp-content\/uploads\/2022\/06\/FORMULARIO-1.pdf\">FORMULARIO<\/a><\/p>\n","protected":false},"excerpt":{"rendered":"<p>Ejercicio fiscal 2021 Responsable: Sr. Jos\u00e9 Franklin Morocho Chuni FORMULARIO DE RENDICI\u00d3N DE CUENTAS FORMULARIO GADPC 2021 Preguntas de la ciudadan\u00eda PREGUNTAS DE LA CIUDADAN\u00cdA PRESENTACI\u00d3N PRESENTACION GADPC 2021 REGISTRO DE ASISTENCIA REGISTRO DE PARTICIPANTES REGISTRO FOTOGR\u00c1FICO REGISTRO FOTOGR\u00c1FICO (2) VOCALES Presidente del GADPC FORMULARIO (3) Comisi\u00f3n de Sociales Responsable: Sra. Nelly Carmen Pati\u00f1o Quezada [&hellip;]<\/p>\n","protected":false},"author":4,"featured_media":0,"parent":0,"menu_order":0,"comment_status":"closed","ping_status":"closed","template":"","meta":{"footnotes":""},"yst_prominent_words":[217,185,237,198,196,199],"class_list":["post-1085","page","type-page","status-publish","hentry"],"_links":{"self":[{"href":"https:\/\/gadpcochapata.gob.ec\/azuay\/wp-json\/wp\/v2\/pages\/1085","targetHints":{"allow":["GET"]}}],"collection":[{"href":"https:\/\/gadpcochapata.gob.ec\/azuay\/wp-json\/wp\/v2\/pages"}],"about":[{"href":"https:\/\/gadpcochapata.gob.ec\/azuay\/wp-json\/wp\/v2\/types\/page"}],"author":[{"embeddable":true,"href":"https:\/\/gadpcochapata.gob.ec\/azuay\/wp-json\/wp\/v2\/users\/4"}],"replies":[{"embeddable":true,"href":"https:\/\/gadpcochapata.gob.ec\/azuay\/wp-json\/wp\/v2\/comments?post=1085"}],"version-history":[{"count":9,"href":"https:\/\/gadpcochapata.gob.ec\/azuay\/wp-json\/wp\/v2\/pages\/1085\/revisions"}],"predecessor-version":[{"id":1289,"href":"https:\/\/gadpcochapata.gob.ec\/azuay\/wp-json\/wp\/v2\/pages\/1085\/revisions\/1289"}],"wp:attachment":[{"href":"https:\/\/gadpcochapata.gob.ec\/azuay\/wp-json\/wp\/v2\/media?parent=1085"}],"wp:term":[{"taxonomy":"yst_prominent_words","embeddable":true,"href":"https:\/\/gadpcochapata.gob.ec\/azuay\/wp-json\/wp\/v2\/yst_prominent_words?post=1085"}],"curies":[{"name":"wp","href":"https:\/\/api.w.org\/{rel}","templated":true}]}}