{"id":1293,"date":"2023-01-02T12:58:33","date_gmt":"2023-01-02T16:58:33","guid":{"rendered":"https:\/\/gadpcochapata.gob.ec\/azuay\/?page_id=1293"},"modified":"2024-08-19T15:47:43","modified_gmt":"2024-08-19T19:47:43","slug":"rendicion-de-cuentas-2023","status":"publish","type":"page","link":"https:\/\/gadpcochapata.gob.ec\/azuay\/rendicion-de-cuentas-2023\/","title":{"rendered":"Rendici\u00f3n de Cuentas 2023"},"content":{"rendered":"<h2><strong><em>Ejercicio fiscal 2023<\/em><\/strong><\/h2>\n<p><img loading=\"lazy\" decoding=\"async\" class=\"alignnone size-medium wp-image-1863\" src=\"https:\/\/gadpcochapata.gob.ec\/azuay\/wp-content\/uploads\/2024\/06\/WhatsApp-Image-2024-06-17-at-12.23.36-PM-550x248.jpeg\" alt=\"\" width=\"550\" height=\"248\" srcset=\"https:\/\/gadpcochapata.gob.ec\/azuay\/wp-content\/uploads\/2024\/06\/WhatsApp-Image-2024-06-17-at-12.23.36-PM-550x248.jpeg 550w, https:\/\/gadpcochapata.gob.ec\/azuay\/wp-content\/uploads\/2024\/06\/WhatsApp-Image-2024-06-17-at-12.23.36-PM.jpeg 720w\" sizes=\"auto, (max-width: 550px) 100vw, 550px\" \/><\/p>\n<p><strong>INVITACI\u00d3N CIUDADAN\u00cdA<\/strong><\/p>\n<p><img loading=\"lazy\" decoding=\"async\" class=\"alignnone size-medium wp-image-1885\" src=\"https:\/\/gadpcochapata.gob.ec\/azuay\/wp-content\/uploads\/2024\/06\/WhatsApp-Image-2024-06-27-at-9.13.42-AM-550x770.jpeg\" alt=\"\" width=\"550\" height=\"770\" srcset=\"https:\/\/gadpcochapata.gob.ec\/azuay\/wp-content\/uploads\/2024\/06\/WhatsApp-Image-2024-06-27-at-9.13.42-AM-550x770.jpeg 550w, https:\/\/gadpcochapata.gob.ec\/azuay\/wp-content\/uploads\/2024\/06\/WhatsApp-Image-2024-06-27-at-9.13.42-AM.jpeg 720w\" sizes=\"auto, (max-width: 550px) 100vw, 550px\" \/><\/p>\n<p><strong>Responsable:<\/strong> Sra. Nelly Carmen Pati\u00f1o Quezada<\/p>\n<p>FORMULARIO DE RENDICI\u00d3N DE CUENTAS<\/p>\n<p><a href=\"https:\/\/gadpcochapata.gob.ec\/azuay\/wp-content\/uploads\/2024\/06\/FORMULARIO.pdf\">FORMULARIO<\/a><\/p>\n<p>Matriz para la ciudadan\u00eda<\/p>\n<p><a href=\"https:\/\/gadpcochapata.gob.ec\/azuay\/wp-content\/uploads\/2024\/06\/MATRIZ-PARA-LA-CIUDADANIA.docx\">MATRIZ PARA LA CIUDADANIA<\/a><\/p>\n<p>PRESENTACI\u00d3N<\/p>\n<p><a href=\"https:\/\/gadpcochapata.gob.ec\/azuay\/wp-content\/uploads\/2024\/06\/PRESENTACION-GADPC-2023.pptx\">PRESENTACION GADPC 2023<\/a><\/p>\n<p>REGISTRO DE ASISTENCIA<\/p>\n<p><a href=\"https:\/\/gadpcochapata.gob.ec\/azuay\/wp-content\/uploads\/2024\/06\/REGISTRO-PARTICIPANTES.pdf\">REGISTRO PARTICIPANTES<\/a><\/p>\n<p>REGISTRO FOTOGR\u00c1FICO<\/p>\n<p><a href=\"https:\/\/gadpcochapata.gob.ec\/azuay\/wp-content\/uploads\/2024\/06\/REGISTRO-FOTOGRAFICO.pdf\">REGISTRO FOTOGR\u00c1FICO<\/a><\/p>\n<h1><strong>VOCALES<\/strong><\/h1>\n<h2><strong><em>Presidente del GADPC<\/em><\/strong><\/h2>\n<p>FORMULARIO<\/p>\n<p><a href=\"https:\/\/gadpcochapata.gob.ec\/azuay\/wp-content\/uploads\/2024\/06\/FORMULARIO-NELLY-PATINO.pdf\">FORMULARIO NELLY PATI\u00d1O<\/a><\/p>\n<h2><strong><em>Comisi\u00f3n de Socio Cultural y Deportes<\/em><\/strong><\/h2>\n<p><strong>Responsable:<\/strong> Sr. \u00c1lvaro Xavier Poma Guanuche<\/p>\n<p>Formulario<\/p>\n<p><a href=\"https:\/\/gadpcochapata.gob.ec\/azuay\/wp-content\/uploads\/2024\/08\/FORMULARIO-ALVARO-POMA.pdf\">FORMULARIO ALVARO POMA<\/a><\/p>\n<p>PRESENTACI\u00d3N<\/p>\n<p><a href=\"https:\/\/gadpcochapata.gob.ec\/azuay\/wp-content\/uploads\/2024\/08\/PRESENTACION.pdf\">PRESENTACI\u00d3N<\/a><\/p>\n<h2><strong><em>Comisi\u00f3n de Econom\u00eda productiva y Turismo<\/em><\/strong><\/h2>\n<p><strong>Responsable:<\/strong> Sra. Ladi Iliana Guanuchi Morocho<\/p>\n<p>Formulario<\/p>\n<p><a href=\"https:\/\/gadpcochapata.gob.ec\/azuay\/wp-content\/uploads\/2024\/06\/FORMULARIO-LADI-GUANUCHI.pdf\">FORMULARIO LADI GUANUCHI<\/a><\/p>\n<p>PRESENTACI\u00d3N<\/p>\n<p><a href=\"https:\/\/gadpcochapata.gob.ec\/azuay\/wp-content\/uploads\/2024\/06\/PRESENTACION.docx\">PRESENTACI\u00d3N<\/a><\/p>\n<h2><strong><em>Comisi\u00f3n de Medio Ambiente y Salud<\/em><\/strong><\/h2>\n<p><strong>Responsable:<\/strong> Sra. Katherine Roc\u00edo Carchi Quezada<\/p>\n<p>Formulario<\/p>\n<p><a href=\"https:\/\/gadpcochapata.gob.ec\/azuay\/wp-content\/uploads\/2024\/06\/FORMULARIO-KATHERINE-CARCHI.pdf\">FORMULARIO KATHERINE CARCHI<\/a><\/p>\n<p>PRESENTACI\u00d3N<\/p>\n<p><a href=\"https:\/\/gadpcochapata.gob.ec\/azuay\/wp-content\/uploads\/2024\/06\/PRESENTACION.pdf\">PRESENTACION<\/a><\/p>\n<h2><strong><em>Comisi\u00f3n de Asentamientos Humanos y Vialidad\u00a0<\/em><\/strong><\/h2>\n<p><strong>Responsable:<\/strong> Sr. Jefferson Javier Guichay Morocho<\/p>\n<p>Formulario<\/p>\n<p><span style=\"color: #ff0000;\">INCUMPLIDO<\/span><\/p>\n<p>PRESENTACI\u00d3N<\/p>\n<p><span style=\"color: #ff0000;\">INCUMPLIDO<\/span><\/p>\n<h2><strong><em>Estados financieros a\u00f1o fiscal 2023<\/em><\/strong><\/h2>\n<p>ESTADOS<\/p>\n<p><a href=\"https:\/\/gadpcochapata.gob.ec\/azuay\/wp-content\/uploads\/2024\/06\/situacionfinanciera2011-signed-signed.pdf\">situacionfinanciera2011-signed-signed<\/a><\/p>\n<p><a href=\"https:\/\/gadpcochapata.gob.ec\/azuay\/wp-content\/uploads\/2024\/06\/balancecomprobacion82011-signed-signed.pdf\">balancecomprobacion82011-signed-signed<\/a><\/p>\n<p><a href=\"https:\/\/gadpcochapata.gob.ec\/azuay\/wp-content\/uploads\/2024\/06\/cedulagastos2011-signed-signed.pdf\">cedulagastos2011-signed-signed<\/a><\/p>\n<p><a href=\"https:\/\/gadpcochapata.gob.ec\/azuay\/wp-content\/uploads\/2024\/06\/cedulaingresos2011-signed-signed.pdf\">cedulaingresos2011-signed-signed<\/a><\/p>\n<p><a href=\"https:\/\/gadpcochapata.gob.ec\/azuay\/wp-content\/uploads\/2024\/06\/ejecucionpresupuestaria2011-signed-signed.pdf\">ejecucionpresupuestaria2011-signed-signed<\/a><\/p>\n<p><a href=\"https:\/\/gadpcochapata.gob.ec\/azuay\/wp-content\/uploads\/2024\/06\/estadoresultados2011-signed-signed.pdf\">estadoresultados2011-signed-signed<\/a><\/p>\n<p><a href=\"https:\/\/gadpcochapata.gob.ec\/azuay\/wp-content\/uploads\/2024\/06\/flujoefectivo2011-signed-signed.pdf\">flujoefectivo2011-signed-signed<\/a><\/p>\n<p>MAYORES<\/p>\n<p><a href=\"https:\/\/gadpcochapata.gob.ec\/azuay\/wp-content\/uploads\/2024\/06\/213.58.01.0003.pdf\">213.58.01.0003<\/a><\/p>\n<p><a href=\"https:\/\/gadpcochapata.gob.ec\/azuay\/wp-content\/uploads\/2024\/06\/113.18.01.0001.pdf\">113.18.01.0001<\/a><\/p>\n<p><a href=\"https:\/\/gadpcochapata.gob.ec\/azuay\/wp-content\/uploads\/2024\/06\/213.18.01.0001.pdf\">213.18.01.0001<\/a><\/p>\n<p><a href=\"https:\/\/gadpcochapata.gob.ec\/azuay\/wp-content\/uploads\/2024\/06\/213.58.01.0002.pdf\">213.58.01.0002<\/a><\/p>\n<h2><strong><em>Presupuesto Devengado a\u00f1o fiscal 2023<\/em><\/strong><\/h2>\n<p><a href=\"https:\/\/gadpcochapata.gob.ec\/azuay\/wp-content\/uploads\/2024\/06\/PRESUP-2023-COCHAPATA-DEVENGADO-31-12-2023-3.xls\">PRESUP 2023 COCHAPATA DEVENGADO 31-12-2023 (3)<\/a><\/p>\n","protected":false},"excerpt":{"rendered":"<p>Ejercicio fiscal 2023 INVITACI\u00d3N CIUDADAN\u00cdA Responsable: Sra. Nelly Carmen Pati\u00f1o Quezada FORMULARIO DE RENDICI\u00d3N DE CUENTAS FORMULARIO Matriz para la ciudadan\u00eda MATRIZ PARA LA CIUDADANIA PRESENTACI\u00d3N PRESENTACION GADPC 2023 REGISTRO DE ASISTENCIA REGISTRO PARTICIPANTES REGISTRO FOTOGR\u00c1FICO REGISTRO FOTOGR\u00c1FICO VOCALES Presidente del GADPC FORMULARIO FORMULARIO NELLY PATI\u00d1O Comisi\u00f3n de Socio Cultural y Deportes Responsable: Sr. \u00c1lvaro [&hellip;]<\/p>\n","protected":false},"author":4,"featured_media":0,"parent":0,"menu_order":0,"comment_status":"closed","ping_status":"closed","template":"","meta":{"footnotes":""},"yst_prominent_words":[185,183,184,198,196,199,195],"class_list":["post-1293","page","type-page","status-publish","hentry"],"_links":{"self":[{"href":"https:\/\/gadpcochapata.gob.ec\/azuay\/wp-json\/wp\/v2\/pages\/1293","targetHints":{"allow":["GET"]}}],"collection":[{"href":"https:\/\/gadpcochapata.gob.ec\/azuay\/wp-json\/wp\/v2\/pages"}],"about":[{"href":"https:\/\/gadpcochapata.gob.ec\/azuay\/wp-json\/wp\/v2\/types\/page"}],"author":[{"embeddable":true,"href":"https:\/\/gadpcochapata.gob.ec\/azuay\/wp-json\/wp\/v2\/users\/4"}],"replies":[{"embeddable":true,"href":"https:\/\/gadpcochapata.gob.ec\/azuay\/wp-json\/wp\/v2\/comments?post=1293"}],"version-history":[{"count":9,"href":"https:\/\/gadpcochapata.gob.ec\/azuay\/wp-json\/wp\/v2\/pages\/1293\/revisions"}],"predecessor-version":[{"id":1919,"href":"https:\/\/gadpcochapata.gob.ec\/azuay\/wp-json\/wp\/v2\/pages\/1293\/revisions\/1919"}],"wp:attachment":[{"href":"https:\/\/gadpcochapata.gob.ec\/azuay\/wp-json\/wp\/v2\/media?parent=1293"}],"wp:term":[{"taxonomy":"yst_prominent_words","embeddable":true,"href":"https:\/\/gadpcochapata.gob.ec\/azuay\/wp-json\/wp\/v2\/yst_prominent_words?post=1293"}],"curies":[{"name":"wp","href":"https:\/\/api.w.org\/{rel}","templated":true}]}}