{"id":408,"date":"2016-02-17T12:52:56","date_gmt":"2016-02-17T16:52:56","guid":{"rendered":"http:\/\/gadpcochapata.gob.ec\/azuay\/?page_id=408"},"modified":"2016-03-31T19:11:40","modified_gmt":"2016-03-31T23:11:40","slug":"rendicion-de-cuentas-2015","status":"publish","type":"page","link":"https:\/\/gadpcochapata.gob.ec\/azuay\/rendicion-de-cuentas-2015\/","title":{"rendered":"Rendici\u00f3n de Cuentas 2015"},"content":{"rendered":"<p>COBERTURA GEOGR\u00c1FICA<\/p>\n<p><a href=\"http:\/\/gadpcochapata.gob.ec\/azuay\/wp-content\/uploads\/2016\/02\/ACTUALIZACION-DEL-PDOT-COCHAPATA-2015-2019.pdf\">ACTUALIZACION DEL PDOT COCHAPATA 2015-2019<\/a><\/p>\n<p>IMPLEMENTACION DE POL\u00cdTICAS PUBLICAS PARA LA IGUALDAD<\/p>\n<p><a href=\"http:\/\/gadpcochapata.gob.ec\/azuay\/wp-content\/uploads\/2014\/10\/Proyecto-de-FOMENTO-SOCIAL-DICIEMB.20141.pdf\">Proyecto de FOMENTO SOCIAL DICIEMB.2014<\/a><\/p>\n<p>SISTEMA DE PARTICIPACION CIUDADANA<\/p>\n<p><a href=\"http:\/\/gadpcochapata.gob.ec\/azuay\/wp-content\/uploads\/2014\/10\/ACTA-ASAMBLEA-2.pdf\">ACTA ASAMBLEA 2<\/a><\/p>\n<p>MECANISMOS DE PARTICIPACI\u00d3N CIUDADANA<\/p>\n<p><a href=\"http:\/\/gadpcochapata.gob.ec\/azuay\/wp-content\/uploads\/2016\/01\/REVISTA-COCHAPATA.pdf\">REVISTA COCHAPATA<\/a><\/p>\n<p>REALIZACI\u00d3N DEL EVENTO DE RENDICI\u00d3N DE CUENTAS A LA CIUDADAN\u00cdA<\/p>\n<p><a href=\"http:\/\/gadpcochapata.gob.ec\/azuay\/wp-content\/uploads\/2016\/02\/12715308_1559914710967255_192084813901378163_n.jpg\"><img loading=\"lazy\" decoding=\"async\" class=\"alignnone size-medium wp-image-479\" src=\"http:\/\/gadpcochapata.gob.ec\/azuay\/wp-content\/uploads\/2016\/02\/12715308_1559914710967255_192084813901378163_n-300x225.jpg\" alt=\"12715308_1559914710967255_192084813901378163_n\" width=\"300\" height=\"225\" data-id=\"479\" srcset=\"https:\/\/gadpcochapata.gob.ec\/azuay\/wp-content\/uploads\/2016\/02\/12715308_1559914710967255_192084813901378163_n-300x225.jpg 300w, https:\/\/gadpcochapata.gob.ec\/azuay\/wp-content\/uploads\/2016\/02\/12715308_1559914710967255_192084813901378163_n.jpg 700w\" sizes=\"auto, (max-width: 300px) 100vw, 300px\" \/><\/a><a href=\"http:\/\/gadpcochapata.gob.ec\/azuay\/wp-content\/uploads\/2016\/02\/12717372_1559914854300574_5556904922699014528_n.jpg\"><img loading=\"lazy\" decoding=\"async\" class=\"alignnone size-medium wp-image-480\" src=\"http:\/\/gadpcochapata.gob.ec\/azuay\/wp-content\/uploads\/2016\/02\/12717372_1559914854300574_5556904922699014528_n-300x225.jpg\" alt=\"12717372_1559914854300574_5556904922699014528_n\" width=\"300\" height=\"225\" data-id=\"480\" srcset=\"https:\/\/gadpcochapata.gob.ec\/azuay\/wp-content\/uploads\/2016\/02\/12717372_1559914854300574_5556904922699014528_n-300x225.jpg 300w, https:\/\/gadpcochapata.gob.ec\/azuay\/wp-content\/uploads\/2016\/02\/12717372_1559914854300574_5556904922699014528_n.jpg 700w\" sizes=\"auto, (max-width: 300px) 100vw, 300px\" \/><\/a> <a href=\"http:\/\/gadpcochapata.gob.ec\/azuay\/wp-content\/uploads\/2016\/02\/12743610_1559914774300582_5283690861338422792_n.jpg\"><img loading=\"lazy\" decoding=\"async\" class=\"alignnone size-medium wp-image-481\" src=\"http:\/\/gadpcochapata.gob.ec\/azuay\/wp-content\/uploads\/2016\/02\/12743610_1559914774300582_5283690861338422792_n-300x225.jpg\" alt=\"12743610_1559914774300582_5283690861338422792_n\" width=\"300\" height=\"225\" data-id=\"481\" srcset=\"https:\/\/gadpcochapata.gob.ec\/azuay\/wp-content\/uploads\/2016\/02\/12743610_1559914774300582_5283690861338422792_n-300x225.jpg 300w, https:\/\/gadpcochapata.gob.ec\/azuay\/wp-content\/uploads\/2016\/02\/12743610_1559914774300582_5283690861338422792_n.jpg 700w\" sizes=\"auto, (max-width: 300px) 100vw, 300px\" \/><\/a> <a href=\"http:\/\/gadpcochapata.gob.ec\/azuay\/wp-content\/uploads\/2016\/02\/12745597_1559914844300575_1489664432803374145_n.jpg\"><img loading=\"lazy\" decoding=\"async\" class=\"alignnone size-medium wp-image-482\" src=\"http:\/\/gadpcochapata.gob.ec\/azuay\/wp-content\/uploads\/2016\/02\/12745597_1559914844300575_1489664432803374145_n-300x225.jpg\" alt=\"12745597_1559914844300575_1489664432803374145_n\" width=\"300\" height=\"225\" data-id=\"482\" srcset=\"https:\/\/gadpcochapata.gob.ec\/azuay\/wp-content\/uploads\/2016\/02\/12745597_1559914844300575_1489664432803374145_n-300x225.jpg 300w, https:\/\/gadpcochapata.gob.ec\/azuay\/wp-content\/uploads\/2016\/02\/12745597_1559914844300575_1489664432803374145_n.jpg 700w\" sizes=\"auto, (max-width: 300px) 100vw, 300px\" \/><\/a><\/p>\n<p>&nbsp;<\/p>\n<p>INCORPORACI\u00d3N DE APORTES CIUDADANOS<\/p>\n<p><a href=\"http:\/\/gadpcochapata.gob.ec\/azuay\/wp-content\/uploads\/2016\/02\/1557541_1570657186559674_7140401390712210423_n.jpg\"><img loading=\"lazy\" decoding=\"async\" class=\"alignnone size-medium wp-image-484\" src=\"http:\/\/gadpcochapata.gob.ec\/azuay\/wp-content\/uploads\/2016\/02\/1557541_1570657186559674_7140401390712210423_n-300x225.jpg\" alt=\"1557541_1570657186559674_7140401390712210423_n\" width=\"300\" height=\"225\" data-id=\"484\" srcset=\"https:\/\/gadpcochapata.gob.ec\/azuay\/wp-content\/uploads\/2016\/02\/1557541_1570657186559674_7140401390712210423_n-300x225.jpg 300w, https:\/\/gadpcochapata.gob.ec\/azuay\/wp-content\/uploads\/2016\/02\/1557541_1570657186559674_7140401390712210423_n.jpg 700w\" sizes=\"auto, (max-width: 300px) 100vw, 300px\" \/><\/a> <a href=\"http:\/\/gadpcochapata.gob.ec\/azuay\/wp-content\/uploads\/2016\/02\/10325351_1570656769893049_8456384350828489458_n.jpg\"><img loading=\"lazy\" decoding=\"async\" class=\"alignnone size-medium wp-image-485\" src=\"http:\/\/gadpcochapata.gob.ec\/azuay\/wp-content\/uploads\/2016\/02\/10325351_1570656769893049_8456384350828489458_n-300x225.jpg\" alt=\"10325351_1570656769893049_8456384350828489458_n\" width=\"300\" height=\"225\" data-id=\"485\" srcset=\"https:\/\/gadpcochapata.gob.ec\/azuay\/wp-content\/uploads\/2016\/02\/10325351_1570656769893049_8456384350828489458_n-300x225.jpg 300w, https:\/\/gadpcochapata.gob.ec\/azuay\/wp-content\/uploads\/2016\/02\/10325351_1570656769893049_8456384350828489458_n.jpg 700w\" sizes=\"auto, (max-width: 300px) 100vw, 300px\" \/><\/a> <a href=\"http:\/\/gadpcochapata.gob.ec\/azuay\/wp-content\/uploads\/2016\/02\/10394836_1570657159893010_6334182644396061113_n.jpg\"><img loading=\"lazy\" decoding=\"async\" class=\"alignnone size-medium wp-image-486\" src=\"http:\/\/gadpcochapata.gob.ec\/azuay\/wp-content\/uploads\/2016\/02\/10394836_1570657159893010_6334182644396061113_n-300x225.jpg\" alt=\"10394836_1570657159893010_6334182644396061113_n\" width=\"300\" height=\"225\" data-id=\"486\" srcset=\"https:\/\/gadpcochapata.gob.ec\/azuay\/wp-content\/uploads\/2016\/02\/10394836_1570657159893010_6334182644396061113_n-300x225.jpg 300w, https:\/\/gadpcochapata.gob.ec\/azuay\/wp-content\/uploads\/2016\/02\/10394836_1570657159893010_6334182644396061113_n.jpg 700w\" sizes=\"auto, (max-width: 300px) 100vw, 300px\" \/><\/a> <a href=\"http:\/\/gadpcochapata.gob.ec\/azuay\/wp-content\/uploads\/2016\/02\/12805722_1569768219981904_3254986758869707959_n.jpg\"><img loading=\"lazy\" decoding=\"async\" class=\"alignnone size-medium wp-image-487\" src=\"http:\/\/gadpcochapata.gob.ec\/azuay\/wp-content\/uploads\/2016\/02\/12805722_1569768219981904_3254986758869707959_n-225x300.jpg\" alt=\"12805722_1569768219981904_3254986758869707959_n\" width=\"225\" height=\"300\" data-id=\"487\" srcset=\"https:\/\/gadpcochapata.gob.ec\/azuay\/wp-content\/uploads\/2016\/02\/12805722_1569768219981904_3254986758869707959_n-225x300.jpg 225w, https:\/\/gadpcochapata.gob.ec\/azuay\/wp-content\/uploads\/2016\/02\/12805722_1569768219981904_3254986758869707959_n.jpg 700w\" sizes=\"auto, (max-width: 225px) 100vw, 225px\" \/><\/a><\/p>\n<p>&nbsp;<\/p>\n<p>ARTICULACI\u00d3N DE POL\u00cdTICAS PUBLICAS<\/p>\n<p><a href=\"http:\/\/gadpcochapata.gob.ec\/azuay\/wp-content\/uploads\/2016\/02\/ACTUALIZACION-DEL-PDOT-COCHAPATA-2015-2019.pdf\">ACTUALIZACION DEL PDOT COCHAPATA 2015-2019<\/a><\/p>\n<p><a href=\"http:\/\/gadpcochapata.gob.ec\/azuay\/wp-content\/uploads\/2016\/01\/PRESUPUESTO-DEL-GADP_COCHAPATA.pdf\">PRESUPUESTO DEL GADP_COCHAPATA<\/a><\/p>\n<p>PRESUPUESTO GADP_COCHAPATA<\/p>\n<p><a href=\"http:\/\/gadpcochapata.gob.ec\/azuay\/wp-content\/uploads\/2016\/01\/INFORMACION-FINACIERA.pdf\">INFORMACION FINACIERA<\/a><\/p>\n<p>FORMULARIO RENDICI\u00d3N DE CUENTAS<\/p>\n<p><a href=\"http:\/\/gadpcochapata.gob.ec\/azuay\/wp-content\/uploads\/2016\/02\/Formulario_Rendici\u00f3n-Cuentas.pdf\">Formulario_Rendici\u00f3n Cuentas<\/a><\/p>\n","protected":false},"excerpt":{"rendered":"<p>COBERTURA GEOGR\u00c1FICA ACTUALIZACION DEL PDOT COCHAPATA 2015-2019 IMPLEMENTACION DE POL\u00cdTICAS PUBLICAS PARA LA IGUALDAD Proyecto de FOMENTO SOCIAL DICIEMB.2014 SISTEMA DE PARTICIPACION CIUDADANA ACTA ASAMBLEA 2 MECANISMOS DE PARTICIPACI\u00d3N CIUDADANA REVISTA COCHAPATA REALIZACI\u00d3N DEL EVENTO DE RENDICI\u00d3N DE CUENTAS A LA CIUDADAN\u00cdA &nbsp; INCORPORACI\u00d3N DE APORTES CIUDADANOS &nbsp; ARTICULACI\u00d3N DE POL\u00cdTICAS PUBLICAS ACTUALIZACION DEL PDOT [&hellip;]<\/p>\n","protected":false},"author":4,"featured_media":0,"parent":0,"menu_order":0,"comment_status":"closed","ping_status":"closed","template":"","meta":{"footnotes":""},"yst_prominent_words":[],"class_list":["post-408","page","type-page","status-publish","hentry"],"_links":{"self":[{"href":"https:\/\/gadpcochapata.gob.ec\/azuay\/wp-json\/wp\/v2\/pages\/408","targetHints":{"allow":["GET"]}}],"collection":[{"href":"https:\/\/gadpcochapata.gob.ec\/azuay\/wp-json\/wp\/v2\/pages"}],"about":[{"href":"https:\/\/gadpcochapata.gob.ec\/azuay\/wp-json\/wp\/v2\/types\/page"}],"author":[{"embeddable":true,"href":"https:\/\/gadpcochapata.gob.ec\/azuay\/wp-json\/wp\/v2\/users\/4"}],"replies":[{"embeddable":true,"href":"https:\/\/gadpcochapata.gob.ec\/azuay\/wp-json\/wp\/v2\/comments?post=408"}],"version-history":[{"count":12,"href":"https:\/\/gadpcochapata.gob.ec\/azuay\/wp-json\/wp\/v2\/pages\/408\/revisions"}],"predecessor-version":[{"id":471,"href":"https:\/\/gadpcochapata.gob.ec\/azuay\/wp-json\/wp\/v2\/pages\/408\/revisions\/471"}],"wp:attachment":[{"href":"https:\/\/gadpcochapata.gob.ec\/azuay\/wp-json\/wp\/v2\/media?parent=408"}],"wp:term":[{"taxonomy":"yst_prominent_words","embeddable":true,"href":"https:\/\/gadpcochapata.gob.ec\/azuay\/wp-json\/wp\/v2\/yst_prominent_words?post=408"}],"curies":[{"name":"wp","href":"https:\/\/api.w.org\/{rel}","templated":true}]}}