{"id":677,"date":"2020-01-19T21:00:55","date_gmt":"2020-01-20T01:00:55","guid":{"rendered":"http:\/\/gadpcochapata.gob.ec\/azuay\/?page_id=677"},"modified":"2022-06-02T13:42:43","modified_gmt":"2022-06-02T17:42:43","slug":"rendicion-de-cuentas-2020","status":"publish","type":"page","link":"https:\/\/gadpcochapata.gob.ec\/azuay\/rendicion-de-cuentas-2020\/","title":{"rendered":"Rendici\u00f3n de Cuentas 2020"},"content":{"rendered":"<h2><strong><em>Ejercicio fiscal 2020<\/em><\/strong><\/h2>\n<p><strong>Responsable:<\/strong> Sr. Jos\u00e9 Franklin Morocho Chuni<\/p>\n<p>FORMULARIO DE RENDICI\u00d3N DE CUENTAS<\/p>\n<p><a href=\"https:\/\/gadpcochapata.gob.ec\/azuay\/wp-content\/uploads\/2021\/07\/FORMULARIO-GADPC-2020.pdf\">FORMULARIO GADPC 2020<\/a><\/p>\n<p>Preguntas de la ciudadan\u00eda<\/p>\n<p><a href=\"https:\/\/gadpcochapata.gob.ec\/azuay\/wp-content\/uploads\/2021\/07\/PREGUNTAS-DE-LA-CIUDADANIA-1.pdf\">PREGUNTAS DE LA CIUDADAN\u00cdA<\/a><\/p>\n<p>PRESENTACI\u00d3N<\/p>\n<p><a href=\"https:\/\/gadpcochapata.gob.ec\/azuay\/wp-content\/uploads\/2021\/07\/PRESENTACION-GADPC-2020.pdf\">PRESENTACI\u00d3N GADPC 2020<\/a><\/p>\n<p>REGISTRO DE ASISTENCIA<\/p>\n<p><a href=\"https:\/\/gadpcochapata.gob.ec\/azuay\/wp-content\/uploads\/2021\/07\/REGISTRO-DE-ASISTENTES.pdf\">REGISTRO DE ASISTENTES<\/a><\/p>\n<p>REGISTRO FOTOGR\u00c1FICO<\/p>\n<p><a href=\"https:\/\/gadpcochapata.gob.ec\/azuay\/wp-content\/uploads\/2021\/07\/REGISTRO-FOTOGRAFICO.pdf\">REGISTRO FOTOGR\u00c1FICO<\/a><\/p>\n<h1><span style=\"color: #000000;\"><strong>VOCALES<\/strong><\/span><\/h1>\n<p>&nbsp;<\/p>\n<h2><strong><em>Comisi\u00f3n de Sociales<\/em><\/strong><\/h2>\n<p><strong>Responsable:<\/strong> Sra. Nelly Carmen Pati\u00f1o Quezada<\/p>\n<p>Formulario<\/p>\n<p><a href=\"https:\/\/gadpcochapata.gob.ec\/azuay\/wp-content\/uploads\/2021\/07\/Rendicion-de-Cuentas-2020-2.pdf\">Rendici\u00f3n de Cuentas 2020<\/a><\/p>\n<p>Presentaci\u00f3n<\/p>\n<p><a href=\"https:\/\/gadpcochapata.gob.ec\/azuay\/wp-content\/uploads\/2021\/07\/Rendicion-de-Cuentas-2020-Presentacion-1.pdf\">Rendici\u00f3n de Cuentas 2020 Presentaci\u00f3n<\/a><\/p>\n<h2><strong><em>Comisi\u00f3n de <\/em><\/strong><strong><em>Turismo y <\/em><\/strong><strong><em>Salud<\/em><\/strong><\/h2>\n<p><strong>Responsable:<\/strong> Sr. Edgar Marcelo Sanmart\u00edn Quezada<\/p>\n<p>Formulario<\/p>\n<p><a href=\"https:\/\/gadpcochapata.gob.ec\/azuay\/wp-content\/uploads\/2021\/07\/Formulario.pdf\">Formulario<\/a><\/p>\n<p>Presentaci\u00f3n<\/p>\n<p><a href=\"https:\/\/gadpcochapata.gob.ec\/azuay\/wp-content\/uploads\/2021\/07\/RENDICION-DE-CUENTAS-2020-MARCELO.pptx\">RENDICION-DE-CUENTAS-2020-MARCELO<\/a><\/p>\n<h2><strong><em>Comisi\u00f3n de Planificaci\u00f3n, Infraestructura y Fiscalizaci\u00f3n<\/em><\/strong><\/h2>\n<p><strong>Responsable:<\/strong> Sr. Miguel \u00c1ngel Chuni Ram\u00f3n<\/p>\n<p>Formulario<\/p>\n<p><a href=\"https:\/\/gadpcochapata.gob.ec\/azuay\/wp-content\/uploads\/2021\/07\/Rendicion-de-Cuentas-2020-3.pdf\">Rendici\u00f3n de Cuentas 2020<\/a><\/p>\n<p>Presentaci\u00f3n<\/p>\n<p><a href=\"https:\/\/gadpcochapata.gob.ec\/azuay\/wp-content\/uploads\/2021\/07\/REDINCION-DE-CUENTAS-ANO-2020.pptx\">REDINCION DE CUENTAS A\u00d1O 2020<\/a><\/p>\n<h2><strong><em>Comisi\u00f3n de Desarrollo Econ\u00f3mico y Ambiente\u00a0<\/em><\/strong><\/h2>\n<p><strong>Responsable:<\/strong> Sr. Fredy Rolando Mendieta Chuni<\/p>\n<p>Formulario<\/p>\n<p><a href=\"https:\/\/gadpcochapata.gob.ec\/azuay\/wp-content\/uploads\/2022\/06\/FORMULARIO-2.pdf\">FORMULARIO<\/a><\/p>\n","protected":false},"excerpt":{"rendered":"<p>Ejercicio fiscal 2020 Responsable: Sr. Jos\u00e9 Franklin Morocho Chuni FORMULARIO DE RENDICI\u00d3N DE CUENTAS FORMULARIO GADPC 2020 Preguntas de la ciudadan\u00eda PREGUNTAS DE LA CIUDADAN\u00cdA PRESENTACI\u00d3N PRESENTACI\u00d3N GADPC 2020 REGISTRO DE ASISTENCIA REGISTRO DE ASISTENTES REGISTRO FOTOGR\u00c1FICO REGISTRO FOTOGR\u00c1FICO VOCALES &nbsp; Comisi\u00f3n de Sociales Responsable: Sra. Nelly Carmen Pati\u00f1o Quezada Formulario Rendici\u00f3n de Cuentas 2020 [&hellip;]<\/p>\n","protected":false},"author":4,"featured_media":0,"parent":0,"menu_order":0,"comment_status":"closed","ping_status":"closed","template":"","meta":{"footnotes":""},"yst_prominent_words":[146,217,185,202,237,201,200,196,199],"class_list":["post-677","page","type-page","status-publish","hentry"],"_links":{"self":[{"href":"https:\/\/gadpcochapata.gob.ec\/azuay\/wp-json\/wp\/v2\/pages\/677","targetHints":{"allow":["GET"]}}],"collection":[{"href":"https:\/\/gadpcochapata.gob.ec\/azuay\/wp-json\/wp\/v2\/pages"}],"about":[{"href":"https:\/\/gadpcochapata.gob.ec\/azuay\/wp-json\/wp\/v2\/types\/page"}],"author":[{"embeddable":true,"href":"https:\/\/gadpcochapata.gob.ec\/azuay\/wp-json\/wp\/v2\/users\/4"}],"replies":[{"embeddable":true,"href":"https:\/\/gadpcochapata.gob.ec\/azuay\/wp-json\/wp\/v2\/comments?post=677"}],"version-history":[{"count":10,"href":"https:\/\/gadpcochapata.gob.ec\/azuay\/wp-json\/wp\/v2\/pages\/677\/revisions"}],"predecessor-version":[{"id":1278,"href":"https:\/\/gadpcochapata.gob.ec\/azuay\/wp-json\/wp\/v2\/pages\/677\/revisions\/1278"}],"wp:attachment":[{"href":"https:\/\/gadpcochapata.gob.ec\/azuay\/wp-json\/wp\/v2\/media?parent=677"}],"wp:term":[{"taxonomy":"yst_prominent_words","embeddable":true,"href":"https:\/\/gadpcochapata.gob.ec\/azuay\/wp-json\/wp\/v2\/yst_prominent_words?post=677"}],"curies":[{"name":"wp","href":"https:\/\/api.w.org\/{rel}","templated":true}]}}